{"id":8,"date":"2023-01-09T16:17:27","date_gmt":"2023-01-09T16:17:27","guid":{"rendered":"https:\/\/hattons-orientexpress.de\/?page_id=8"},"modified":"2023-05-22T12:02:15","modified_gmt":"2023-05-22T12:02:15","slug":"7-geimeinden-der-offenbarung","status":"publish","type":"page","link":"https:\/\/www.hattons-orientexpress.de\/?page_id=8","title":{"rendered":"7 Gemeinden der Offenbarung"},"content":{"rendered":"\n<div class=\"wp-block-columns is-layout-flex wp-container-3\">\n<div class=\"wp-block-column is-layout-flow\">\n<figure class=\"wp-block-image size-full is-resized\"><a href=\"https:\/\/www.hattons-orientexpress.de\/wp-content\/uploads\/2023\/05\/Flyer.png\"><img decoding=\"async\" loading=\"lazy\" src=\"https:\/\/www.hattons-orientexpress.de\/wp-content\/uploads\/2023\/05\/Flyer.png\" alt=\"\" class=\"wp-image-70\" width=\"405\" height=\"519\" srcset=\"https:\/\/www.hattons-orientexpress.de\/wp-content\/uploads\/2023\/05\/Flyer.png 624w, https:\/\/www.hattons-orientexpress.de\/wp-content\/uploads\/2023\/05\/Flyer-234x300.png 234w, https:\/\/www.hattons-orientexpress.de\/wp-content\/uploads\/2023\/05\/Flyer-508x652.png 508w\" sizes=\"(max-width: 405px) 100vw, 405px\" \/><\/a><\/figure>\n<\/div>\n\n\n\n<div class=\"wp-block-column is-layout-flow\">\n<figure class=\"wp-block-image size-full is-resized\"><a href=\"https:\/\/www.hattons-orientexpress.de\/wp-content\/uploads\/2023\/05\/Flyer-Deutsch.png\"><img decoding=\"async\" loading=\"lazy\" src=\"https:\/\/www.hattons-orientexpress.de\/wp-content\/uploads\/2023\/05\/Flyer-Deutsch.png\" alt=\"\" class=\"wp-image-69\" width=\"405\" height=\"519\" srcset=\"https:\/\/www.hattons-orientexpress.de\/wp-content\/uploads\/2023\/05\/Flyer-Deutsch.png 622w, https:\/\/www.hattons-orientexpress.de\/wp-content\/uploads\/2023\/05\/Flyer-Deutsch-234x300.png 234w\" sizes=\"(max-width: 405px) 100vw, 405px\" \/><\/a><\/figure>\n<\/div>\n<\/div>\n\n\n\n<h2 class=\"wp-block-heading\">11.09.-16.09.2023<\/h2>\n\n\n\n<p>Die Sieben Gemeinden der Offenbarung, auch bekannt als die Sieben Kirchen der Apokalypse und die Sieben Kirchen Asiens, sind sieben gro\u00dfe Kirchen des fr\u00fchen Christentums, wie im Buch der Offenbarung des Neuen Testaments erw\u00e4hnt. Sie waren die Empf\u00e4nger der sieben Sendschreiben. Wir wollen Sie mit auf eine Tour durch die Westt\u00fcrkei nehmen und diese Gemeinden besuchen. Offensichtlich wurden diese Kirchen nicht willk\u00fcrlich gew\u00e4hlt, sie waren in den bedeuteten St\u00e4dten in der Antike in dieser Region. Heutzutage z\u00e4hlen diese St\u00e4dte zu dem wichtigsten arch\u00e4ologischen St\u00e4tten der heutigen T\u00fcrkei.<\/p>\n\n\n\n<p><strong>Tag 1:<\/strong><br>Ankunft in Izmir und Transfer nach Sel\u00e7uk. Den ersten Tag wollen wir gem\u00fctlich an gehen lassen und haupts\u00e4chlich das, f\u00fcr den Weinanbau bekannte, malerische Dorf \u015eirince besichtigen.<br><br><strong>Tag 2:<\/strong><br>Besichtigung von <strong>Ephesos<\/strong>, Empf\u00e4nger des 1. Sendschreibens. Die Stadt ist allerdings \u00e4lter als die biblische Geschichte und war eines der bedeutendsten St\u00e4dte Kleinasiens. Sie beherbergte eines der sieben Weltwunder der Antike, der Tempel der Artemis. Seit 2015 ein UNESCO Welterbe.<br>Am Nachmittag Weiterfahrt nach Geyre.<br>Besichtigung des UNESCO Welterbe <strong>Aphrodisias<\/strong>. Diese antike Stadt erlangte im 1. Jahrhundert v. Chr. an Bedeutung, als Aphrodisias Truppen Rom zur Hilfe schickte.<\/p>\n\n\n\n<p><\/p>\n\n\n\n<div class=\"wp-block-columns is-layout-flex wp-container-6\">\n<div class=\"wp-block-column is-layout-flow\" style=\"flex-basis:50%\"><div class=\"wp-block-image\">\n<figure class=\"aligncenter size-large\"><img decoding=\"async\" loading=\"lazy\" width=\"1024\" height=\"677\" src=\"https:\/\/www.hattons-orientexpress.de\/wp-content\/uploads\/2023\/05\/IMG_3925-1024x677.jpg\" alt=\"Ephesos Gate\" class=\"wp-image-91\" srcset=\"https:\/\/www.hattons-orientexpress.de\/wp-content\/uploads\/2023\/05\/IMG_3925-1024x677.jpg 1024w, https:\/\/www.hattons-orientexpress.de\/wp-content\/uploads\/2023\/05\/IMG_3925-300x198.jpg 300w, https:\/\/www.hattons-orientexpress.de\/wp-content\/uploads\/2023\/05\/IMG_3925-768x508.jpg 768w, https:\/\/www.hattons-orientexpress.de\/wp-content\/uploads\/2023\/05\/IMG_3925-1536x1015.jpg 1536w, https:\/\/www.hattons-orientexpress.de\/wp-content\/uploads\/2023\/05\/IMG_3925-2048x1354.jpg 2048w, https:\/\/www.hattons-orientexpress.de\/wp-content\/uploads\/2023\/05\/IMG_3925-1240x820.jpg 1240w, https:\/\/www.hattons-orientexpress.de\/wp-content\/uploads\/2023\/05\/IMG_3925-508x336.jpg 508w\" sizes=\"(max-width: 1024px) 100vw, 1024px\" \/><figcaption class=\"wp-element-caption\">Ephesos<\/figcaption><\/figure><\/div><\/div>\n\n\n\n<div class=\"wp-block-column is-layout-flow\" style=\"flex-basis:50%\"><div class=\"wp-block-image\">\n<figure class=\"aligncenter size-large\"><img decoding=\"async\" loading=\"lazy\" width=\"1024\" height=\"678\" src=\"https:\/\/www.hattons-orientexpress.de\/wp-content\/uploads\/2023\/05\/Cleopatra-Antique-Pools-Turkey-2-1024x678.jpg\" alt=\"Cleopatra Antique Pools\" class=\"wp-image-89\" srcset=\"https:\/\/www.hattons-orientexpress.de\/wp-content\/uploads\/2023\/05\/Cleopatra-Antique-Pools-Turkey-2-1024x678.jpg 1024w, https:\/\/www.hattons-orientexpress.de\/wp-content\/uploads\/2023\/05\/Cleopatra-Antique-Pools-Turkey-2-300x199.jpg 300w, https:\/\/www.hattons-orientexpress.de\/wp-content\/uploads\/2023\/05\/Cleopatra-Antique-Pools-Turkey-2-768x509.jpg 768w, https:\/\/www.hattons-orientexpress.de\/wp-content\/uploads\/2023\/05\/Cleopatra-Antique-Pools-Turkey-2-1536x1018.jpg 1536w, https:\/\/www.hattons-orientexpress.de\/wp-content\/uploads\/2023\/05\/Cleopatra-Antique-Pools-Turkey-2-1240x822.jpg 1240w, https:\/\/www.hattons-orientexpress.de\/wp-content\/uploads\/2023\/05\/Cleopatra-Antique-Pools-Turkey-2-508x337.jpg 508w, https:\/\/www.hattons-orientexpress.de\/wp-content\/uploads\/2023\/05\/Cleopatra-Antique-Pools-Turkey-2.jpg 1600w\" sizes=\"(max-width: 1024px) 100vw, 1024px\" \/><figcaption class=\"wp-element-caption\">Cleopatra\u00b4s Pools<\/figcaption><\/figure><\/div><\/div>\n<\/div>\n\n\n\n<p><strong>Tag 3:<\/strong><br>Am Vormittag besuch der antiken Stadt <strong>Laodikeia<\/strong>. Gegr\u00fcndet wurde diese Siedlung im 3. Jahrhundert vor Christus und ist Empf\u00e4nger des 7. Sendschreibens.<br>Am Nachmittag werden wir eines DER Highlights in der T\u00fcrkei besuchen, <strong>Pamukalle<\/strong> (ein weiters UNESCO Welterbe). \u00dcbersetzt bedeutet Pamukkale Baumwollburg. Sieht man diese strahlend wei\u00dfen Kalkhaltigen Thermalpools, versteht man diese Bezeichnung.<br>Die Pools liegen neben der antiken Stadt <strong>Hierapolis<\/strong>. Bitte Badesachen mitnehmen, den hier gibt es die M\u00f6glichkeit in den Glas klaren Pools von Cleopatra zu baden. <br><br><strong>Tag 4:<\/strong><br>Nachdem am Tag zuvor etwas erfrischt haben, werden wir am 4. Tag wieder unsere Tour fortsetzen. Als erster Stopp werden wir <strong>Philadelphia<\/strong> besuchen, heute Ala\u015fehir genannt. Hier stand im 1. Jhr. nach Chr. eine urchristliche Kirche, die heilige Johannes Kirche. Sie war <em>Empf\u00e4nger des 6. Sendschreibens<\/em>.<br>Anschlie\u00dfend Weiterfahrt und Besichtigung der antiken Stadt <strong>Sardes<\/strong><em>, Empf\u00e4nger des 5. Sendschreibens<\/em>. In Sardes befindet sich die Synagoge von Sardes. Der sp\u00e4tantike Bau geh\u00f6rt zu den am besten erhaltenen und gr\u00f6\u00dften antiken j\u00fcdischen Gottesh\u00e4usern au\u00dferhalb von Israel. Es wird vermutet, dass bis zu 1000 Menschen hier zum Gebet zusammenkamen.<br>Zum Abschluss des Tages fahren wir weiter nach Akhisar. Diese Stadt wurde auf der antiken Stadt <strong>Thytareira<\/strong> gegr\u00fcndet. Die Gemeinde von Thyateira war der <em>Empf\u00e4nger des 4. Sendschreibens<\/em>. <\/p>\n\n\n\n<div class=\"wp-block-columns is-layout-flex wp-container-9\">\n<div class=\"wp-block-column is-vertically-aligned-center is-layout-flow\"><div class=\"wp-block-image\">\n<figure class=\"aligncenter size-large\"><img decoding=\"async\" loading=\"lazy\" width=\"1024\" height=\"576\" src=\"https:\/\/www.hattons-orientexpress.de\/wp-content\/uploads\/2023\/05\/pamukkale-1024x576.jpg\" alt=\"\" class=\"wp-image-92\" srcset=\"https:\/\/www.hattons-orientexpress.de\/wp-content\/uploads\/2023\/05\/pamukkale-1024x576.jpg 1024w, https:\/\/www.hattons-orientexpress.de\/wp-content\/uploads\/2023\/05\/pamukkale-300x169.jpg 300w, https:\/\/www.hattons-orientexpress.de\/wp-content\/uploads\/2023\/05\/pamukkale-768x432.jpg 768w, https:\/\/www.hattons-orientexpress.de\/wp-content\/uploads\/2023\/05\/pamukkale-1240x698.jpg 1240w, https:\/\/www.hattons-orientexpress.de\/wp-content\/uploads\/2023\/05\/pamukkale-508x286.jpg 508w, https:\/\/www.hattons-orientexpress.de\/wp-content\/uploads\/2023\/05\/pamukkale.jpg 1280w\" sizes=\"(max-width: 1024px) 100vw, 1024px\" \/><figcaption class=\"wp-element-caption\">Pamukkale<\/figcaption><\/figure><\/div><\/div>\n\n\n\n<div class=\"wp-block-column is-layout-flow\"><div class=\"wp-block-image\">\n<figure class=\"aligncenter size-large\"><img decoding=\"async\" loading=\"lazy\" width=\"1024\" height=\"683\" src=\"https:\/\/www.hattons-orientexpress.de\/wp-content\/uploads\/2023\/05\/pergamon-1024x683.jpg\" alt=\"\" class=\"wp-image-93\" srcset=\"https:\/\/www.hattons-orientexpress.de\/wp-content\/uploads\/2023\/05\/pergamon-1024x683.jpg 1024w, https:\/\/www.hattons-orientexpress.de\/wp-content\/uploads\/2023\/05\/pergamon-300x200.jpg 300w, https:\/\/www.hattons-orientexpress.de\/wp-content\/uploads\/2023\/05\/pergamon-768x512.jpg 768w, https:\/\/www.hattons-orientexpress.de\/wp-content\/uploads\/2023\/05\/pergamon-1536x1024.jpg 1536w, https:\/\/www.hattons-orientexpress.de\/wp-content\/uploads\/2023\/05\/pergamon-1240x827.jpg 1240w, https:\/\/www.hattons-orientexpress.de\/wp-content\/uploads\/2023\/05\/pergamon-508x339.jpg 508w, https:\/\/www.hattons-orientexpress.de\/wp-content\/uploads\/2023\/05\/pergamon.jpg 1600w\" sizes=\"(max-width: 1024px) 100vw, 1024px\" \/><figcaption class=\"wp-element-caption\">Pergamon<\/figcaption><\/figure><\/div><\/div>\n<\/div>\n\n\n\n<p><strong>Tag 5:<\/strong><br>Am Morgen unseres letzten Tages besuchen wir zuerst die Ruinen in <strong>Pergamon<\/strong> besuchen. Die Gemeinde von Pergamon war der Empf\u00e4nger des <em>3. Sendschreibens<\/em>. Heutzutage ist diese St\u00e4tte ein UNESCO Weltkulturerbe und geh\u00f6rt zu den Highlights in der T\u00fcrkei. In der Antike befand sich hier eine der gr\u00f6\u00dften Bibliotheken der antiken Welt.<br>Am Nachmittag machen wir uns auf dem Weg zur letzten Kirche unsere Tour, <strong>Smyrna<\/strong>. Sie war der <em>Empf\u00e4nger des 2.Sendschreiben<\/em> und ist heute als Izmir bekannt.<br>Am Abend wollen wir unsere Tour mit leckeren Essen in Izmir beenden.<br>\u00dcbernachtung in Izmir und Flughafen Transfer am n\u00e4chsten Morgen.<\/p>\n\n\n\n<p>Wer m\u00f6chte, darf nat\u00fcrlich in Izmir bleiben und\/oder ein paar Tage an der \u00e4g\u00e4ischen K\u00fcste verbringen. Selbstverst\u00e4ndlich stehen wir f\u00fcr Information und Ratschl\u00e4ge jederzeit zur Verf\u00fcgung.<\/p>\n\n\n\n<p><\/p>\n\n\n\n<p><strong>Die Tour beinhaltet:<\/strong><\/p>\n\n\n\n<ul>\n<li>Flughafen transfer<\/li>\n\n\n\n<li>5 \u00dcbernachtungen<\/li>\n\n\n\n<li>Getr\u00e4nke und Speisen f\u00fcr 5 Tage (ohne Alkohol)<\/li>\n\n\n\n<li>klimatisierter Transport<\/li>\n\n\n\n<li>Eintritt in allen genannten St\u00e4tten<\/li>\n\n\n\n<li>Audio Guide in den mei\u00dften St\u00e4tten<\/li>\n\n\n\n<li>Spezieller Input von Pastor Robert Hatton<\/li>\n<\/ul>\n\n\n\n<div class=\"wp-block-contact-form-7-contact-form-selector\">\n<div class=\"wpcf7 no-js\" id=\"wpcf7-f123-o1\" lang=\"de-DE\" dir=\"ltr\">\n<div class=\"screen-reader-response\"><p role=\"status\" aria-live=\"polite\" aria-atomic=\"true\"><\/p> <ul><\/ul><\/div>\n<form action=\"\/index.php?rest_route=%2Fwp%2Fv2%2Fpages%2F8#wpcf7-f123-o1\" method=\"post\" class=\"wpcf7-form init\" aria-label=\"Kontaktformular\" novalidate=\"novalidate\" data-status=\"init\">\n<div style=\"display: none;\">\n<input type=\"hidden\" name=\"_wpcf7\" value=\"123\" \/>\n<input type=\"hidden\" name=\"_wpcf7_version\" value=\"5.7.6\" \/>\n<input type=\"hidden\" name=\"_wpcf7_locale\" value=\"de_DE\" \/>\n<input type=\"hidden\" name=\"_wpcf7_unit_tag\" value=\"wpcf7-f123-o1\" \/>\n<input type=\"hidden\" name=\"_wpcf7_container_post\" value=\"0\" \/>\n<input type=\"hidden\" name=\"_wpcf7_posted_data_hash\" value=\"\" \/>\n<\/div>\n<p><label> Dein Name<br \/>\n<span class=\"wpcf7-form-control-wrap\" data-name=\"your-name\"><input size=\"40\" class=\"wpcf7-form-control wpcf7-text wpcf7-validates-as-required\" autocomplete=\"name\" aria-required=\"true\" aria-invalid=\"false\" value=\"\" type=\"text\" name=\"your-name\" \/><\/span> <\/label>\n<\/p>\n<p><label> Deine E-Mail-Adresse<br \/>\n<span class=\"wpcf7-form-control-wrap\" data-name=\"your-email\"><input size=\"40\" class=\"wpcf7-form-control wpcf7-text wpcf7-email wpcf7-validates-as-required wpcf7-validates-as-email\" autocomplete=\"email\" aria-required=\"true\" aria-invalid=\"false\" value=\"\" type=\"email\" name=\"your-email\" \/><\/span> <\/label>\n<\/p>\n<p><label> Betreff<br \/>\n<span class=\"wpcf7-form-control-wrap\" data-name=\"your-subject\"><input size=\"40\" class=\"wpcf7-form-control wpcf7-text wpcf7-validates-as-required\" aria-required=\"true\" aria-invalid=\"false\" value=\"\" type=\"text\" name=\"your-subject\" \/><\/span> <\/label>\n<\/p>\n<p><label> Deine Nachricht (optional)<br \/>\n<span class=\"wpcf7-form-control-wrap\" data-name=\"your-message\"><textarea cols=\"40\" rows=\"10\" class=\"wpcf7-form-control wpcf7-textarea\" aria-invalid=\"false\" name=\"your-message\"><\/textarea><\/span> <\/label>\n<\/p>\n<p><input class=\"wpcf7-form-control has-spinner wpcf7-submit\" type=\"submit\" value=\"Senden\" \/>\n<\/p><div class=\"wpcf7-response-output\" aria-hidden=\"true\"><\/div>\n<\/form>\n<\/div>\n<\/div>\n\n\n\n<h2 class=\"wp-block-heading\">Das k\u00f6nnte Sie auch interessieren:<\/h2>\n\n\n\n<figure class=\"wp-block-image size-large is-resized\"><a href=\"https:\/\/www.hattons-orientexpress.de\/?page_id=9\"><img decoding=\"async\" loading=\"lazy\" src=\"https:\/\/www.hattons-orientexpress.de\/wp-content\/uploads\/2023\/05\/Mardin4_Titel-1024x683.jpg\" alt=\"\" class=\"wp-image-56\" width=\"512\" height=\"342\" srcset=\"https:\/\/www.hattons-orientexpress.de\/wp-content\/uploads\/2023\/05\/Mardin4_Titel-1024x683.jpg 1024w, https:\/\/www.hattons-orientexpress.de\/wp-content\/uploads\/2023\/05\/Mardin4_Titel-300x200.jpg 300w, https:\/\/www.hattons-orientexpress.de\/wp-content\/uploads\/2023\/05\/Mardin4_Titel-768x513.jpg 768w, https:\/\/www.hattons-orientexpress.de\/wp-content\/uploads\/2023\/05\/Mardin4_Titel-1536x1025.jpg 1536w, https:\/\/www.hattons-orientexpress.de\/wp-content\/uploads\/2023\/05\/Mardin4_Titel-2048x1367.jpg 2048w, https:\/\/www.hattons-orientexpress.de\/wp-content\/uploads\/2023\/05\/Mardin4_Titel-1240x827.jpg 1240w, https:\/\/www.hattons-orientexpress.de\/wp-content\/uploads\/2023\/05\/Mardin4_Titel-508x339.jpg 508w\" sizes=\"(max-width: 512px) 100vw, 512px\" \/><\/a><\/figure>\n","protected":false},"excerpt":{"rendered":"<p>11.09.-16.09.2023 Die Sieben Gemeinden der Offenbarung, auch bekannt als die Sieben Kirchen der Apokalypse und die Sieben Kirchen Asiens, sind sieben gro\u00dfe Kirchen des fr\u00fchen Christentums, wie im Buch der Offenbarung des Neuen Testaments erw\u00e4hnt. Sie waren die Empf\u00e4nger der sieben Sendschreiben. Wir wollen Sie mit auf eine Tour durch die Westt\u00fcrkei nehmen und diese [&hellip;]<\/p>\n","protected":false},"author":1,"featured_media":64,"parent":0,"menu_order":0,"comment_status":"closed","ping_status":"closed","template":"","meta":[],"_links":{"self":[{"href":"https:\/\/www.hattons-orientexpress.de\/index.php?rest_route=\/wp\/v2\/pages\/8"}],"collection":[{"href":"https:\/\/www.hattons-orientexpress.de\/index.php?rest_route=\/wp\/v2\/pages"}],"about":[{"href":"https:\/\/www.hattons-orientexpress.de\/index.php?rest_route=\/wp\/v2\/types\/page"}],"author":[{"embeddable":true,"href":"https:\/\/www.hattons-orientexpress.de\/index.php?rest_route=\/wp\/v2\/users\/1"}],"replies":[{"embeddable":true,"href":"https:\/\/www.hattons-orientexpress.de\/index.php?rest_route=%2Fwp%2Fv2%2Fcomments&post=8"}],"version-history":[{"count":15,"href":"https:\/\/www.hattons-orientexpress.de\/index.php?rest_route=\/wp\/v2\/pages\/8\/revisions"}],"predecessor-version":[{"id":147,"href":"https:\/\/www.hattons-orientexpress.de\/index.php?rest_route=\/wp\/v2\/pages\/8\/revisions\/147"}],"wp:featuredmedia":[{"embeddable":true,"href":"https:\/\/www.hattons-orientexpress.de\/index.php?rest_route=\/wp\/v2\/media\/64"}],"wp:attachment":[{"href":"https:\/\/www.hattons-orientexpress.de\/index.php?rest_route=%2Fwp%2Fv2%2Fmedia&parent=8"}],"curies":[{"name":"wp","href":"https:\/\/api.w.org\/{rel}","templated":true}]}}